
-200
Let w(f) = f**2 + 155*f + 4001. What is w(-119)?
-283
Let a(k) = 18*k**3 + 1393*k**2 + 546*k + 507. Give a(-77).
-32
Let d(x) = 2*x**3 - 97*x**2 - 70*x + 7522. Determine d(48).
1858
Let d(k) = 2*k**3 - 101*k**2 + 713*k + 26. Give d(42).
-16
Let x(t) = -t**3 + 82*t**2 + 160*t + 201. Give x(84).
-471
Let y(a) = 8*a**2 - 254*a + 1467. Determine y(24).
-21
Let s(b) = -4*b**3 - 350*b**2 + 532*b + 31321. Determine s(-88).
-7
Let m(o) = 238*o - 11596. What is m(37)?
-2790
Let f(m) = 5*m**2 + 972*m + 12593. What is f(-13)?
802
Let k(q) = -41263*q + 2063132. What is k(50)?
-18
Let l(p) = p**3 - 253*p**2 - 5200*p + 1487505. Give l(250).
5
Let t(v) = -3*v**2 - 162*v - 1111. Determine t(-8).
-7
Let f(r) = -7*r**2 - 38217*r - 38214. Calculate f(-1).
-4
Let g(v) = -2*v**3 + 4*v**2 - 978*v + 128. Calculate g(0).
128
Let z(t) = -687723*t + 1375413. Calculate z(2).
-33
Let y(p) = 406*p**2 + 18*p + 14. What is y(-2)?
1602
Let q(a) = -86*a**2 + 169*a - 19. Calculate q(2).
-25
Let m(b) = 388*b - 7274. What is m(20)?
486
Let r(j) = -428*j + 1723. Determine r(4).
11
Let i(d) = -d**3 - 175*d**2 - 5599*d - 154. Determine i(-42).
392
Let y(a) = -8320*a - 390691. Give y(-47).
349
Let h(z) = 214*z**2 + 50*z + 104. Give h(-2).
860
Let r(b) = -b**3 + 98*b**2 + 10*b - 1057. Give r(98).
-77
Let w(h) = 329*h - 28588. Determine w(87).
35
Let k(m) = -m**3 - 39*m**2 - 310*m - 59. Determine k(-28).
-3
Let x(i) = i**3 + 28*i**2 + 14749*i + 203748. Give x(-14).
6
Let x(h) = -8609*h + 68933. What is x(8)?
61
Let y(k) = -90304*k - 180608. Calculate y(-2).
0
Let n(b) = 12*b**2 + 2076*b - 10680. What is n(-178)?
0
Let w(u) = -11*u**3 - 286*u**2 - 1837*u - 79. What is w(-14)?
-233
Let o(d) = 2*d**2 + 154*d - 358. Determine o(-52).
-2958
Let b(c) = -26*c**2 - 6983*c - 210370. Determine b(-234).
-4
Let s(b) = 2440*b - 204. Calculate s(0).
-204
Let v(r) = 66*r**3 - 126*r**2 - 4*r + 5. Calculate v(2).
21
Let f(g) = -2*g**2 - 196*g - 4542. Give f(-57).
132
Let s(k) = -119373*k + 835610. Determine s(7).
-1
Let g(l) = -332*l + 478. Determine g(8).
-2178
Let n(c) = 18*c**2 + 518*c - 1434. Give n(-30).
-774
Let h(q) = -q**3 - 429*q**2 - 4604*q - 2505. Give h(-418).
3
Let k(z) = -z**3 + 3*z**2 + 6227*z - 31091. Determine k(5).
-6
Let l(q) = 21823*q + 30945020. Calculate l(-1418).
6
Let h(x) = -2373*x + 14734. Calculate h(6).
496
Let m(z) = -316344*z + 632680. Calculate m(2).
-8
Let w(r) = 1231*r - 14762. What is w(12)?
10
Let b(v) = -2*v**3 + 39*v**2 + 17*v + 1448. Determine b(23).
-1864
Let a(q) = 846*q**2 - 8451*q - 334. What is a(10)?
-244
Let u(n) = 260*n - 6050. Calculate u(24).
190
Let x(q) = 6400*q + 153530. What is x(-24)?
-70
Let z(i) = -13412*i - 147538. Calculate z(-11).
-6
Let c(r) = 122*r + 12335. What is c(-101)?
13
Let y(i) = -177*i - 2824. Calculate y(-15).
-169
Let t(r) = 30972*r - 4614835. Determine t(149).
-7
Let h(o) = -o**3 + 17*o**2 + 4*o - 2721. Give h(0).
-2721
Let g(o) = -o**2 + 263*o - 17187. What is g(143)?
-27
Let m(p) = -3*p**3 + 28*p**2 - 49*p + 346. Calculate m(12).
-1394
Let a(b) = -9*b**2 + 20*b + 176. Calculate a(-9).
-733
Let o(k) = -k**3 - 140*k**2 - 947*k + 878. Determine o(-8).
6
Let q(c) = 4*c**2 - 623*c + 13879. Determine q(27).
-26
Let f(h) = 352*h - 57711. Calculate f(162).
-687
Let d(x) = 252*x**3 - 111133*x**2 + 438*x + 1325. What is d(441)?
2
Let m(g) = -2*g**3 + 1637*g**2 + 11552*g + 10. What is m(-7)?
45
Let a(o) = 7*o**3 - 82*o**2 - 20*o + 59. Calculate a(12).
107
Let g(m) = 24455*m - 170547. Calculate g(7).
638
Let u(x) = -x**2 + 1225*x - 11131. Give u(9).
-187
Let w(u) = -u**2 + 25781*u + 5065316. Calculate w(-195).
-4
Let p(j) = j**3 - 10*j**2 + 126*j + 497. What is p(-3)?
2
Let m(t) = -2076*t - 79186. Give m(-38).
-298
Let d(o) = 203*o + 9041. Calculate d(-45).
-94
Let v(c) = 139*c + 58. Determine v(-1).
-81
Let v(h) = -285339*h - 3138786. Give v(-11).
-57
Let i(b) = 1764*b + 610348. What is i(-346)?
4
Let b(l) = l**2 + 611*l - 49944. What is b(73)?
-12
Let i(d) = -7*d**2 - 1534*d - 202. Determine i(-219).
17
Let w(f) = f**2 + 96*f - 5083. What is w(35)?
-498
Let c(l) = 1427*l**2 - 2140503*l + 4512. Give c(1500).
12
Let s(i) = -3*i**3 + 103*i**2 - 57*i - 2482. Calculate s(33).
-7
Let a(g) = -333*g**2 + 5295*g + 537. Give a(16).
9
Let w(x) = 3*x**2 + 160*x + 1241. Determine w(-44).
9
Let a(k) = -k**3 - 272*k**2 - 6383*k + 3178. Give a(-246).
-20
Let q(l) = l**3 + 147*l**2 - 16*l - 1741. Calculate q(-147).
611
Let h(x) = -x**3 + 32*x**2 + 803*x + 1444. Give h(49).
-26
Let w(r) = -12431*r + 422642. Determine w(34).
-12
Let o(l) = -2*l**2 - 159*l - 2539. Calculate o(-18).
-325
Let m(h) = 4764*h + 66535. Give m(-14).
-161
Let c(g) = -15*g**2 - 19*g + 193. Determine c(0).
193
Let x(k) = 8662*k + 25976. Calculate x(-3).
-10
Let f(n) = 2*n**3 - 1471*n**2 + 1390*n - 481419. Determine f(735).
6
Let h(w) = -w**3 + 84*w**2 - 73*w - 514. Determine h(83).
316
Let i(s) = -231321*s - 1619240. Calculate i(-7).
7
Let s(q) = -11*q**3 + 9*q**2 - 53*q + 105. Calculate s(5).
-1310
Let k(w) = 3*w**3 - 103*w**2 + 6736*w - 71184. What is k(12)?
0
Let o(t) = -53*t**2 + 193*t - 576. Determine o(4).
-652
Let u(r) = 2*r**2 - 163*r - 6169. Calculate u(-26).
-579
Let h(u) = u**2 + 1406*u + 477830. Determine h(-831).
5
Let l(p) = 2*p**3 - 30*p**2 - 217*p + 121. Give l(-7).
-516
Let z(d) = -47*d**3 - 8177*d**2 + 188*d + 2436. Calculate z(-174).
0
Let c(o) = 2*o**2 - 45595*o + 1093160. Give c(24).
32
Let g(j) = -j**3 - 35*j**2 - 197*j + 10659. What is g(13)?
-14
Let u(v) = 636*v - 10053. Give u(16).
123
Let j(v) = 13639*v - 5782937. What is j(424)?
-1
Let w(k) = k**2 - 303*k - 77219. Give w(-165).
1
Let o(c) = -708*c + 278531. What is o(396)?
-1837
Let d(n) = -7*n**2 + 727*n - 7099. Calculate d(10).
-529
Let w(y) = -1711*y**2 - 152279*y + 42. Give w(-89).
42
Let h(s) = 1870*s - 132765. Give h(71).
5
Let j(x) = -836*x**2 + 19224*x - 21. Determine j(23).
-113
Let q(s) = -1951654*s + 5854974. What is q(3)?
12
Let v(m) = 3886*m + 12677. Calculate v(-3).
1019
Let u(o) = 35*o**2 + 4301*o - 498. What is u(-123)?
-6
Let l(u) = 8*u**3 + 5*u**2 - 32*u + 65. Give l(3).
230
Let d(u) = -u**3 + 43*u**2 + 811*u - 8513. Give d(8).
215
Let c(z) = 70*z**2 - 402*z - 55. What is c(8)?
1209
Let b(i) = 2*i**3 + 44*i**2 - 294*i + 42. Calculate b(-28).
-1134
Let t(b) = 467122*b + 5138387. Determine t(-11).
45
Let p(m) = m**3 + 18*m**2 + 14*m + 13. Determine p(-9).
616
Let x(h) = 2340*h + 67607. Give x(-29).
-253
Let w(p) = 43*p**2 + 64*p - 194. Give w(-3).
1
Let a(s) = -1838651*s + 25741113. What is a(14)?
-1
Let a(f) = 37*f**2 - 1194*f + 2549. Determine a(30).
29
Let o(s) = -39*s**2 + 5187*s - 10227. Give o(131).
-9
Let q(i) = -6682*i + 59913. Determine q(9).
-225
Let x(z) = -63739*z + 510083. Calculate x(8).
171
Let g(f) = 14*f**2 - 397*f + 1896. Determine g(6).
18
Let r(o) = -o**2 + 42*o + 8086. Determine r(121).
-1473
Let f(o) = -167234*o - 1170710. Determine f(-7).
-72
Let f(p) = 2*p**3 - 405*p**2 - 2278*p - 2072. What is f(208)?
8
Let p(a) = 8*a**2 + 102*a + 663. Give p(-6).
339
Let f(s) = -9661*s - 144830. Calculate f(-15).
85
Let g(w) = 543*w + 44084. Calculate g(-74).
3902
Let u(l) = -l**3 - l**2 + 140*l - 13. Determine u(-12).
-109
Let s(x) = 3275*x - 72679. Calculate s(22).
-629
Let g(i) = 2*i**2 + 1378*i - 47684. Give g(33).
-32
Let n(l) = 2611*l + 33815. Determine n(-13).
-128
Let u(x) = 2*x**2 + 1429*x + 134453. Determine u(-603).
-16
Let i(q) = -4009*q + 64137. Calculate i(16).
-7
Let g(j) = -18*j + 116. Give g(16).
-172
Let w(n) = 23826*n - 3264156. What is w(137)?
6
Let a(q) = 17*q**2 - 298*q + 1405. Calculate a(6).
229
Let l(o) = 3*o**3 + 136*o**2 - 126*o - 1507. Calculate l(-46).
57
Let j(y) = y**2 - 682*y + 103738. Determine j(229).
1
Let i(x) = -7949*x + 349762. Calculate i(44).
6
Let q(k) = 11*k**2 - 145*k - 2933. Give q(-11).
-7
Let s(h) = -5*h**2 + 152*h - 48. What is s(12)?
1056
Let p(f) = -156*f + 2782. What is p(24)?
-962
Let n(s) = s**3 - 5*s**2 - 23*s + 32. Determine n(6).
-70
Let j(u) = -32*u**2 - 1267*u + 8267. Determine j(6).
-487
Let l(t) = -1120*t**2 + 7901*t - 2. What is l(7)?
425
Let f(u) = -9339*u + 195891. What is f(21)?
-228
Let n(d) = -6*d**3 + 2406*d**2 - 7218*d - 5. What is n(3)?
-167
Let l(v) = 4*v**3 + 17*v**2 - 27*v - 171. What is l(3)?
9
Let j(a